-203320213
40636263 (base 7) to base 14
64896a
What is 7bbc (base 13) in base 6?
212305
What is 732004 (base 9) in base 13?
1229c2
24102120 (base 5) to base 10
222160
What is 10bb70 (base 12) in base 15?
54cc3
Convert -101000001001101110111 (base 2) to base 10.
-1315703
11d37 (base 16) to base 2
10001110100110111
What is 1304865 (base 9) in base 15?
e105b
What is -1604a15 (base 11) in base 13?
-751220
Convert 216630 (base 12) to base 7.
4334136
Convert 7a57 (base 15) to base 11.
18558
What is 282230 (base 10) in base 15?
58955
What is -11616452 (base 8) in base 4?
-21301310222
52205444 (base 6) to base 4
11300212210
Convert -16715213 (base 9) to base 7.
-131234130
Convert 1243105 (base 8) to base 5.
42030134
What is 1021200000002 (base 3) in base 6?
22343002
Convert -1034431313 (base 5) to base 7.
-25151166
Convert 20881 (base 14) to base 12.
39529
What is -44794 (base 11) in base 16?
-fd46
Convert 11001000011001000100001 (base 2) to base 5.
3140111213
What is 25221055 (base 6) in base 8?
3061033
-13001122302 (base 4) to base 8
-7013262
Convert 11256 (base 10) to base 14.
4160
What is -2500764 (base 10) in base 9?
-4631356
Convert -451254205 (base 6) to base 13.
-1908a49
What is 120221120222022 (base 3) in base 14?
11a8971
45050346 (base 7) to base 4
32312311023
13213103220 (base 4) to base 15
296623
What is 64327 (base 12) in base 10?
131791
12c89d (base 14) to base 16
9e84b
-10011110010111101111111 (base 2) to base 4
-103302331333
What is 14451633 (base 7) in base 2?
101001111011101010001
What is -123321120120 (base 4) in base 3?
-111202112102220
Convert 234774 (base 10) to base 4.
321110112
-4a419 (base 12) to base 2
-11000100111010101
What is 110000111110101111101 (base 2) in base 12?
654991
Convert 29118 (base 13) to base 7.
440511
What is 442b3 (base 15) in base 4?
310320222
-38dd2c (base 14) to base 12
-7a5870
Convert 252864 (base 11) to base 15.
7d357
What is -48110 (base 10) in base 6?
-1010422
Convert 12151307 (base 8) to base 14.
4d8ddd
What is 27c5a (base 13) in base 12?
37210
What is 308a234 (base 11) in base 2?
10100110001011100011000
Convert -b2fd (base 16) to base 15.
-d89b
211022121 (base 3) to base 11
11251
What is -6318848 (base 10) in base 9?
-12800742
Convert 2125106 (base 7) to base 13.
90983
What is -206345226 (base 7) in base 3?
-212010202210120
1b8161 (base 15) to base 6
44444114
130161 (base 9) to base 4
103100110
What is 6047a (base 14) in base 11?
148933
676058 (base 10) to base 3
1021100101012
40051 (base 8) to base 13
7626
2200133302 (base 4) to base 12
27852a
What is -7ab86 (base 14) in base 7?
-2352426
20110233 (base 4) to base 14
c5d5
What is 2344230 (base 6) in base 3?
20020102100
-136992 (base 16) to base 7
-13546032
Convert -11123637 (base 10) to base 3.
-202221010202120
What is 100002020212 (base 3) in base 15?
37e95
1643150 (base 7) to base 2
110111111101011000
What is -11210000102 (base 3) in base 4?
-112331210
60a79 (base 11) to base 6
1524410
What is 20121221020 (base 3) in base 7?
1052205
Convert 10001111112212 (base 3) to base 2.
110001100011101001100
Convert 15031341 (base 7) to base 6.
50231450
-2001101220120 (base 3) to base 4
-10022033112
Convert -1003674 (base 8) to base 4.
-1000132330
Convert -470115 (base 8) to base 6.
-3231525
-13065550 (base 8) to base 12
-b847a0
Convert -306754 (base 9) to base 3.
-100020211211
What is -3d081 (base 16) in base 7?
-2060551
Convert 178334 (base 9) to base 5.
12023312
What is 4932 (base 11) in base 7?
24541
-10001110001101101 (base 2) to base 5
-4312223
What is 222202203 (base 5) in base 16?
ee1c7
What is -40244041 (base 5) in base 16?
-4e8eb
1111111110001011111 (base 2) to base 14
d8a2b
-c3952 (base 15) to base 4
-2113103033
What is -33002445 (base 6) in base 16?
-ef59d
Convert -656116 (base 8) to base 9.
-365088
What is 10011011001000000100101 (base 2) in base 10?
5083173
What is -1341402 (base 5) in base 16?
-6c4f
Convert 67710 (base 12) to base 9.
228583
What is 11976b4 (base 13) in base 12?
19ba5a3
2541344 (base 7) to base 5
41020314
Convert 101110000111001110111 (base 2) to base 13.
40ba02
What is -6866722 (base 9) in base 3?
-20222020210202
31cb6 (base 16) to base 2
110001110010110110
3054315 (base 7) to base 2
1011001011110010011
What is -22032436 (base 7) in base 11?
-10813a3
What is -15a931 (base 11) in base 2?
-111100101101110001
Convert 2333030120 (base 4) to base 15.
107088
Convert -155266 (base 10) to base 11.
-a6721
Convert 11111010010110111 (base 2) to base 13.
46463
Convert -21517 (base 13) to base 16.
-eb18
Convert -147c88 (base 15) to base 2.
-11110001010010101000
What is -304566 (base 7) in base 16?
-cb76
Convert 105531221 (base 6) to base 4.
13131201331
Convert -12011020012 (base 3) to base 2.
-11000110001111010
What is 42883 (base 9) in base 3?
1102222210
What is -838bc6 (base 13) in base 5?
-1241404444
Convert 11022122111 (base 3) to base 2.
10100110000101100
What is 811746 (base 11) in base 9?
2408447
-8a1474 (base 12) to base 10
-2200408
What is -22222000022101 (base 3) in base 10?
-4763512
What is 112753 (base 8) in base 4?
21113223
Convert -96568 (base 10) to base 16.
-17938
Convert 1100010010000011110 (base 2) to base 4.
1202100132
What is 225d25 (base 14) in base 13?
31bcb3
155004 (base 11) to base 8
726423
-432453311 (base 6) to base 13
-1793272
Convert -a42188 (base 13) to base 10.
-3831849
What is db4c (base 14) in base 12?
19b20
Convert 10221000000220 (base 3) to base 13.
580890
-a23bd (base 16) to base 4
-2202032331
What is 2a8d4 (base 15) in base 6?
2534131
Convert 70028 (base 14) to base 3.
111122221001
Convert 11f1a3 (base 16) to base 15.
183681
What is -993b8 (base 15) in base 7?
-4065245
What is 61155 (base 8) in base 14?
927b
-192aa (base 13) to base 8
-137254
-31065 (base 14) to base 6
-2310401
Convert 220102201011 (base 3) to base 13.
13ab96
18780a (base 12) to base 7
3431515
What is -17a420b (base 12) in base 2?
-10010110110101000101011
1866a (base 14) to base 3
10010112220
Convert f173 (base 16) to base 5.
3434221
Convert -21151212 (base 6) to base 14.
-1224ac
-57085 (base 14) to base 11
-134917
What is 101003320331 (base 4) in base 3?
22102012221202
-124a61 (base 15) to base 3
-1122112021201
What is 176562 (base 9) in base 2?
11010110011110011
Convert -110101101100111110011 (base 2) to base 15.
-24b606
213313241 (base 6) to base 7
44223565
a1904a (base 13) to base 7
43653652
78ba (base 12) to base 10
13390
107a115 (base 11) to base 16
1ccd07
-10000000000011100100111 (base 2) to base 5
-2033234020
What is 3772 (base 16) in base 12?
826a
1b480 (base 12) to base 3
2001102220
What is 9474ba (base 12) in base 9?
4348317
1149839 (base 10) to base 13
3134a2
-23864 (base 15) to base 12
-55671
What is -93839 (base 12) in base 15?
-3c2c0
What is -2529 (base 16) in base 13?
-443a
-841922 (base 11) to base 3
-2112120001101
What is 971441 (base 11) in base 9?
2827371
What is 158a8 (base 13) in base 12?
1b8b8
-77385 (base 10) to base 15
-17de0
Convert -11111102110 (base 3) to base 10.
-88518
Convert 1101011011010001 (base 2) to base 10.
54993
What is -845032 (base 11) in base 15?
-1bb142
What is -1819940 (base 10) in base 5?
-431214230
3524517 (base 8) to base 15
13ea67
-101100012100210 (base 3) to base 4
-110331222222
What is 100001110100010010111 (base 2) in base 14?
20bb95
What is -21101113 (base 4) in base 9?
-57074
What is 12042402 (base 7) in base 8?
4050421
What is 172432 (base 8) in base 12?
3038a
Convert 532127 (base 12) to base 15.
1ad234
What is -4406101 (base 8) in base 5?
-300322120
Convert -1075846 (base 9) to base 4.
-2032001013
What is bd7511 (base 16) in base 11?
7010591
Convert 23112433 (base 5) to base 9.
345250
Convert -4274252 (base 8) to base 12.
-47274a
Convert 1011231201 (base 6) to base 2.
100111110000111011010001
What is -52625 (base 7) in base 12?
-7638
6549f (base 16) to base 15
82dd9
Convert 1211022 (base 8) to base 10.
332306
Convert 104464 (base 14) to base 16.
86328
Convert -2313312120 (base 4) to base 2.
-10110111110110011000
What is -11010001100111100011 (base 2) in base 14?
-184c83
Convert -13364 (base 7) to base 11.
-27a4
What is -235651 (base 10) in base 3?
-102222020211
Convert 4081428 (base 9) to base 16.
214103
-4b67 (base 12) to base 3
-102202121
What is 11101010001110110110 (base 2) i